{"id":129,"date":"2019-01-24T23:13:16","date_gmt":"2019-01-24T22:13:16","guid":{"rendered":"http:\/\/boostnito.sk\/?page_id=129"},"modified":"2020-12-01T22:16:05","modified_gmt":"2020-12-01T21:16:05","slug":"welcome","status":"publish","type":"page","link":"https:\/\/boostnito.sk\/","title":{"rendered":"Welcome"},"content":{"rendered":"<p>[et_pb_section fb_built=&#8221;1&#8243; disabled_on=&#8221;on|off|off&#8221; module_id=&#8221;FONDO_PARTICULAS&#8221; _builder_version=&#8221;4.6.5&#8243; background_image=&#8221;https:\/\/boostnito.sk\/wp-content\/uploads\/2019\/02\/gaming-20.jpg&#8221; background_position=&#8221;center_right&#8221; background_repeat=&#8221;repeat&#8221; height=&#8221;1920px&#8221; max_height=&#8221;1235px&#8221; hover_enabled=&#8221;0&#8243; custom_css_main_element=&#8221;height: 100vh&#8221; sticky_enabled=&#8221;0&#8243;][et_pb_row module_class=&#8221; et_pb_row_fullwidth&#8221; _builder_version=&#8221;4.6.5&#8243; background_size=&#8221;initial&#8221; background_position=&#8221;top_left&#8221; background_repeat=&#8221;repeat&#8221; width=&#8221;89%&#8221; width_tablet=&#8221;80%&#8221; width_phone=&#8221;&#8221; width_last_edited=&#8221;on|desktop&#8221; max_width=&#8221;89%&#8221; max_width_tablet=&#8221;80%&#8221; max_width_phone=&#8221;&#8221; max_width_last_edited=&#8221;on|desktop&#8221; module_alignment=&#8221;center&#8221; custom_margin=&#8221;200px||||false|false&#8221; custom_padding=&#8221;0|0px|40px|0|false|false&#8221; make_fullwidth=&#8221;on&#8221;][et_pb_column type=&#8221;4_4&#8243; _builder_version=&#8221;3.25&#8243; custom_padding=&#8221;|||&#8221; custom_padding__hover=&#8221;|||&#8221;][et_pb_text disabled_on=&#8221;on|on|off&#8221; _builder_version=&#8221;4.6.5&#8243; text_font=&#8221;||||||||&#8221; text_text_color=&#8221;#ffffff&#8221; text_font_size=&#8221;77px&#8221; ol_font=&#8221;||||||||&#8221; header_font=&#8221;||||||||&#8221; header_text_align=&#8221;center&#8221; text_orientation=&#8221;center&#8221;]<\/p>\n<p style=\"text-align: center;\">                    <style>\n                        .typed-div-248 {\n                                                        font-family: Poppins,semi-bold;                                                                                        }\n\n                        .typed-div-248 a {\n                                                    }\n\n                        .typed-div-248 .typed-cursor {\n                                                    }\n                        \n                                                    .typed-div-248 .typed-cursor{\n                                opacity: 1;\n                                -webkit-animation: blink 0.7s infinite;\n                                -moz-animation: blink 0.7s infinite;\n                                animation: blink 0.7s infinite;\n                            }\n                            @keyframes blink{\n                                0% { opacity:1; }\n                                50% { opacity:0; }\n                                100% { opacity:1; }\n                            }\n                            @-webkit-keyframes blink{\n                                0% { opacity:1; }\n                                50% { opacity:0; }\n                                100% { opacity:1; }\n                            }\n                            @-moz-keyframes blink{\n                                0% { opacity:1; }\n                                50% { opacity:0; }\n                                100% { opacity:1; }\n                            }\n                                            <\/style>\n                    <div class=\"typed-div-248\">                        \n                        <span style=\"white-space:pre;\" class=\"typed_perview_div\" data-cursor-char=\"|\" data-cursor=\"yes\" data-strings=\"Nechajte V\u00e1\u0161 biznis r\u00e1s\u0165!;#$#;Nechajte v\u00e1\u0161 biznis prosperova\u0165;#$#;Nechajte v\u00e1\u0161 biznis v\u00a0na\u0161ich ruk\u00e1ch\" data-speed=\"40\" data-delay=\"800\" data-back-delay=\"1000\" data-back-speed=\"15\" data-loop=\"yes\"><\/span>\n                    <\/div>\n                    <\/p>\n<p>[\/et_pb_text][et_pb_button button_url=&#8221;https:\/\/boostnito.sk\/?page_id=320&#8243; button_text=&#8221;Boostni to!&#8221; button_alignment=&#8221;center&#8221; _builder_version=&#8221;3.19.8&#8243; custom_button=&#8221;on&#8221; button_text_size=&#8221;14px&#8221; button_bg_use_color_gradient=&#8221;on&#8221; button_bg_color_gradient_start=&#8221;#f92c8b&#8221; button_bg_color_gradient_end=&#8221;#b02cd6&#8243; button_bg_color_gradient_direction=&#8221;90deg&#8221; button_border_width=&#8221;0px&#8221; button_border_color=&#8221;rgba(0,0,0,0)&#8221; button_border_radius=&#8221;4px&#8221; button_letter_spacing=&#8221;5px&#8221; button_font=&#8221;Roboto|700||on|||||&#8221; background_layout=&#8221;dark&#8221; custom_margin=&#8221;90px|||&#8221; custom_padding=&#8221;18px|34px|18px|34px|true|true&#8221; box_shadow_style=&#8221;preset3&#8243; box_shadow_vertical=&#8221;20px&#8221; box_shadow_blur=&#8221;30px&#8221; box_shadow_spread=&#8221;-10px&#8221; box_shadow_color=&#8221;rgba(249,44,139,0.4)&#8221; button_letter_spacing_hover=&#8221;5.5px&#8221; button_text_size__hover_enabled=&#8221;off&#8221; button_one_text_size__hover_enabled=&#8221;off&#8221; button_two_text_size__hover_enabled=&#8221;off&#8221; button_text_color__hover_enabled=&#8221;off&#8221; button_one_text_color__hover_enabled=&#8221;off&#8221; button_two_text_color__hover_enabled=&#8221;off&#8221; button_border_width__hover_enabled=&#8221;off&#8221; button_one_border_width__hover_enabled=&#8221;off&#8221; button_two_border_width__hover_enabled=&#8221;off&#8221; button_border_color__hover_enabled=&#8221;off&#8221; button_one_border_color__hover_enabled=&#8221;off&#8221; button_two_border_color__hover_enabled=&#8221;off&#8221; button_border_radius__hover_enabled=&#8221;off&#8221; button_one_border_radius__hover_enabled=&#8221;off&#8221; button_two_border_radius__hover_enabled=&#8221;off&#8221; button_letter_spacing__hover_enabled=&#8221;on&#8221; button_letter_spacing__hover=&#8221;5.5px&#8221; button_one_letter_spacing__hover_enabled=&#8221;off&#8221; button_two_letter_spacing__hover_enabled=&#8221;off&#8221; button_bg_color__hover_enabled=&#8221;off&#8221; button_one_bg_color__hover_enabled=&#8221;off&#8221; button_two_bg_color__hover_enabled=&#8221;off&#8221;][\/et_pb_button][\/et_pb_column][\/et_pb_row][\/et_pb_section][et_pb_section fb_built=&#8221;1&#8243; disabled_on=&#8221;off|on|on&#8221; _builder_version=&#8221;4.6.5&#8243; background_image=&#8221;https:\/\/boostnito.sk\/wp-content\/uploads\/2019\/02\/gaming-20.jpg&#8221; background_position=&#8221;center_right&#8221; background_repeat=&#8221;repeat&#8221; height=&#8221;1920px&#8221; max_height=&#8221;1235px&#8221; custom_css_main_element=&#8221;height: 96vh&#8221;][et_pb_row module_class=&#8221; et_pb_row_fullwidth&#8221; _builder_version=&#8221;4.6.5&#8243; background_size=&#8221;initial&#8221; background_position=&#8221;top_left&#8221; background_repeat=&#8221;repeat&#8221; width=&#8221;89%&#8221; width_tablet=&#8221;80%&#8221; width_phone=&#8221;&#8221; width_last_edited=&#8221;on|desktop&#8221; max_width=&#8221;89%&#8221; max_width_tablet=&#8221;80%&#8221; max_width_phone=&#8221;&#8221; max_width_last_edited=&#8221;on|desktop&#8221; module_alignment=&#8221;center&#8221; custom_margin=&#8221;200px||||false|false&#8221; custom_padding=&#8221;0|0px|40px|0|false|false&#8221; make_fullwidth=&#8221;on&#8221;][et_pb_column type=&#8221;4_4&#8243; _builder_version=&#8221;3.25&#8243; custom_padding=&#8221;|||&#8221; custom_padding__hover=&#8221;|||&#8221;][et_pb_text disabled_on=&#8221;off|off|on&#8221; _builder_version=&#8221;4.6.5&#8243; _module_preset=&#8221;default&#8221; text_font=&#8221;|600|||||||&#8221; text_text_color=&#8221;#ffffff&#8221; text_font_size=&#8221;63px&#8221; text_line_height=&#8221;1.1em&#8221;]<\/p>\n<p style=\"text-align: center;\">Nechajte V\u00e1\u0161 biznis r\u00e1s\u0165<\/p>\n<p>[\/et_pb_text][et_pb_button button_url=&#8221;https:\/\/boostnito.sk\/?page_id=320&#8243; button_text=&#8221;Boostni to!&#8221; button_alignment=&#8221;center&#8221; _builder_version=&#8221;3.19.8&#8243; custom_button=&#8221;on&#8221; button_text_size=&#8221;14px&#8221; button_bg_use_color_gradient=&#8221;on&#8221; button_bg_color_gradient_start=&#8221;#f92c8b&#8221; button_bg_color_gradient_end=&#8221;#b02cd6&#8243; button_bg_color_gradient_direction=&#8221;90deg&#8221; button_border_width=&#8221;0px&#8221; button_border_color=&#8221;rgba(0,0,0,0)&#8221; button_border_radius=&#8221;4px&#8221; button_letter_spacing=&#8221;5px&#8221; button_font=&#8221;Roboto|700||on|||||&#8221; background_layout=&#8221;dark&#8221; custom_margin=&#8221;90px|||&#8221; custom_padding=&#8221;18px|34px|18px|34px|true|true&#8221; box_shadow_style=&#8221;preset3&#8243; box_shadow_vertical=&#8221;20px&#8221; box_shadow_blur=&#8221;30px&#8221; box_shadow_spread=&#8221;-10px&#8221; box_shadow_color=&#8221;rgba(249,44,139,0.4)&#8221; button_letter_spacing_hover=&#8221;5.5px&#8221; button_text_size__hover_enabled=&#8221;off&#8221; button_one_text_size__hover_enabled=&#8221;off&#8221; button_two_text_size__hover_enabled=&#8221;off&#8221; button_text_color__hover_enabled=&#8221;off&#8221; button_one_text_color__hover_enabled=&#8221;off&#8221; button_two_text_color__hover_enabled=&#8221;off&#8221; button_border_width__hover_enabled=&#8221;off&#8221; button_one_border_width__hover_enabled=&#8221;off&#8221; button_two_border_width__hover_enabled=&#8221;off&#8221; button_border_color__hover_enabled=&#8221;off&#8221; button_one_border_color__hover_enabled=&#8221;off&#8221; button_two_border_color__hover_enabled=&#8221;off&#8221; button_border_radius__hover_enabled=&#8221;off&#8221; button_one_border_radius__hover_enabled=&#8221;off&#8221; button_two_border_radius__hover_enabled=&#8221;off&#8221; button_letter_spacing__hover_enabled=&#8221;on&#8221; button_letter_spacing__hover=&#8221;5.5px&#8221; button_one_letter_spacing__hover_enabled=&#8221;off&#8221; button_two_letter_spacing__hover_enabled=&#8221;off&#8221; button_bg_color__hover_enabled=&#8221;off&#8221; button_one_bg_color__hover_enabled=&#8221;off&#8221; button_two_bg_color__hover_enabled=&#8221;off&#8221;][\/et_pb_button][\/et_pb_column][\/et_pb_row][\/et_pb_section]<\/p>\n","protected":false},"excerpt":{"rendered":"<p>[et_pb_section fb_built=&#8221;1&#8243; disabled_on=&#8221;on|off|off&#8221; module_id=&#8221;FONDO_PARTICULAS&#8221; _builder_version=&#8221;4.6.5&#8243; background_image=&#8221;https:\/\/boostnito.sk\/wp-content\/uploads\/2019\/02\/gaming-20.jpg&#8221; background_position=&#8221;center_right&#8221; background_repeat=&#8221;repeat&#8221; height=&#8221;1920px&#8221; max_height=&#8221;1235px&#8221; hover_enabled=&#8221;0&#8243; custom_css_main_element=&#8221;height: 100vh&#8221; sticky_enabled=&#8221;0&#8243;][et_pb_row module_class=&#8221; et_pb_row_fullwidth&#8221; _builder_version=&#8221;4.6.5&#8243; background_size=&#8221;initial&#8221; background_position=&#8221;top_left&#8221; background_repeat=&#8221;repeat&#8221; width=&#8221;89%&#8221; width_tablet=&#8221;80%&#8221; width_phone=&#8221;&#8221; width_last_edited=&#8221;on|desktop&#8221; max_width=&#8221;89%&#8221; max_width_tablet=&#8221;80%&#8221; max_width_phone=&#8221;&#8221; max_width_last_edited=&#8221;on|desktop&#8221; module_alignment=&#8221;center&#8221; custom_margin=&#8221;200px||||false|false&#8221; custom_padding=&#8221;0|0px|40px|0|false|false&#8221; make_fullwidth=&#8221;on&#8221;][et_pb_column type=&#8221;4_4&#8243; _builder_version=&#8221;3.25&#8243; custom_padding=&#8221;|||&#8221; custom_padding__hover=&#8221;|||&#8221;][et_pb_text disabled_on=&#8221;on|on|off&#8221; _builder_version=&#8221;4.6.5&#8243; text_font=&#8221;||||||||&#8221; text_text_color=&#8221;#ffffff&#8221; text_font_size=&#8221;77px&#8221; ol_font=&#8221;||||||||&#8221; header_font=&#8221;||||||||&#8221; header_text_align=&#8221;center&#8221; text_orientation=&#8221;center&#8221;] [\/et_pb_text][et_pb_button button_url=&#8221;https:\/\/boostnito.sk\/?page_id=320&#8243; button_text=&#8221;Boostni to!&#8221; button_alignment=&#8221;center&#8221; _builder_version=&#8221;3.19.8&#8243; custom_button=&#8221;on&#8221; button_text_size=&#8221;14px&#8221; button_bg_use_color_gradient=&#8221;on&#8221; button_bg_color_gradient_start=&#8221;#f92c8b&#8221; [&hellip;]<\/p>\n","protected":false},"author":1,"featured_media":0,"parent":0,"menu_order":0,"comment_status":"closed","ping_status":"closed","template":"page-template-blank.php","meta":{"_et_pb_use_builder":"on","_et_pb_old_content":"","_et_gb_content_width":"","footnotes":""},"yoast_head":"<!-- This site is optimized with the Yoast SEO plugin v21.2 - https:\/\/yoast.com\/wordpress\/plugins\/seo\/ -->\n<title>Digit\u00e1lna agent\u00fara - ako z inej galaxie - Boostnito.sk<\/title>\n<meta name=\"description\" content=\"Sme t\u00edm digit\u00e1lnych market\u00e9rov ktor\u00ed naboostuj\u00fa V\u00e1\u0161 biznis do inej galaxii. \u0160pecializujeme sa na e-Commerce, performance marketing, anal\u00fdzu d\u00e1t a\u00a0SEO.\" \/>\n<meta name=\"robots\" content=\"index, follow, max-snippet:-1, max-image-preview:large, max-video-preview:-1\" \/>\n<link rel=\"canonical\" href=\"https:\/\/boostnito.sk\/\" \/>\n<meta property=\"og:locale\" content=\"en_US\" \/>\n<meta property=\"og:type\" content=\"article\" \/>\n<meta property=\"og:title\" content=\"Digit\u00e1lna agent\u00fara - ako z inej galaxie - Boostnito.sk\" \/>\n<meta property=\"og:description\" content=\"Sme t\u00edm digit\u00e1lnych market\u00e9rov ktor\u00ed naboostuj\u00fa V\u00e1\u0161 biznis do inej galaxii. \u0160pecializujeme sa na e-Commerce, performance marketing, anal\u00fdzu d\u00e1t a\u00a0SEO.\" \/>\n<meta property=\"og:url\" content=\"https:\/\/boostnito.sk\/\" \/>\n<meta property=\"og:site_name\" content=\"boostnito.sk\" \/>\n<meta property=\"article:modified_time\" content=\"2020-12-01T21:16:05+00:00\" \/>\n<meta name=\"twitter:card\" content=\"summary_large_image\" \/>\n<meta name=\"twitter:label1\" content=\"Est. reading time\" \/>\n\t<meta name=\"twitter:data1\" content=\"4 minutes\" \/>\n<script type=\"application\/ld+json\" class=\"yoast-schema-graph\">{\"@context\":\"https:\/\/schema.org\",\"@graph\":[{\"@type\":\"WebPage\",\"@id\":\"https:\/\/boostnito.sk\/\",\"url\":\"https:\/\/boostnito.sk\/\",\"name\":\"Digit\u00e1lna agent\u00fara - ako z inej galaxie - Boostnito.sk\",\"isPartOf\":{\"@id\":\"https:\/\/boostnito.sk\/#website\"},\"datePublished\":\"2019-01-24T22:13:16+00:00\",\"dateModified\":\"2020-12-01T21:16:05+00:00\",\"description\":\"Sme t\u00edm digit\u00e1lnych market\u00e9rov ktor\u00ed naboostuj\u00fa V\u00e1\u0161 biznis do inej galaxii. \u0160pecializujeme sa na e-Commerce, performance marketing, anal\u00fdzu d\u00e1t a\u00a0SEO.\",\"breadcrumb\":{\"@id\":\"https:\/\/boostnito.sk\/#breadcrumb\"},\"inLanguage\":\"en-US\",\"potentialAction\":[{\"@type\":\"ReadAction\",\"target\":[\"https:\/\/boostnito.sk\/\"]}]},{\"@type\":\"BreadcrumbList\",\"@id\":\"https:\/\/boostnito.sk\/#breadcrumb\",\"itemListElement\":[{\"@type\":\"ListItem\",\"position\":1,\"name\":\"Home\",\"item\":\"https:\/\/boostnito.sk\/\"},{\"@type\":\"ListItem\",\"position\":2,\"name\":\"Welcome\"}]},{\"@type\":\"WebSite\",\"@id\":\"https:\/\/boostnito.sk\/#website\",\"url\":\"https:\/\/boostnito.sk\/\",\"name\":\"boostnito.sk\",\"description\":\"Boostni svoj biznis na maximum\",\"potentialAction\":[{\"@type\":\"SearchAction\",\"target\":{\"@type\":\"EntryPoint\",\"urlTemplate\":\"https:\/\/boostnito.sk\/?s={search_term_string}\"},\"query-input\":\"required name=search_term_string\"}],\"inLanguage\":\"en-US\"}]}<\/script>\n<!-- \/ Yoast SEO plugin. -->","yoast_head_json":{"title":"Digit\u00e1lna agent\u00fara - ako z inej galaxie - Boostnito.sk","description":"Sme t\u00edm digit\u00e1lnych market\u00e9rov ktor\u00ed naboostuj\u00fa V\u00e1\u0161 biznis do inej galaxii. \u0160pecializujeme sa na e-Commerce, performance marketing, anal\u00fdzu d\u00e1t a\u00a0SEO.","robots":{"index":"index","follow":"follow","max-snippet":"max-snippet:-1","max-image-preview":"max-image-preview:large","max-video-preview":"max-video-preview:-1"},"canonical":"https:\/\/boostnito.sk\/","og_locale":"en_US","og_type":"article","og_title":"Digit\u00e1lna agent\u00fara - ako z inej galaxie - Boostnito.sk","og_description":"Sme t\u00edm digit\u00e1lnych market\u00e9rov ktor\u00ed naboostuj\u00fa V\u00e1\u0161 biznis do inej galaxii. \u0160pecializujeme sa na e-Commerce, performance marketing, anal\u00fdzu d\u00e1t a\u00a0SEO.","og_url":"https:\/\/boostnito.sk\/","og_site_name":"boostnito.sk","article_modified_time":"2020-12-01T21:16:05+00:00","twitter_card":"summary_large_image","twitter_misc":{"Est. reading time":"4 minutes"},"schema":{"@context":"https:\/\/schema.org","@graph":[{"@type":"WebPage","@id":"https:\/\/boostnito.sk\/","url":"https:\/\/boostnito.sk\/","name":"Digit\u00e1lna agent\u00fara - ako z inej galaxie - Boostnito.sk","isPartOf":{"@id":"https:\/\/boostnito.sk\/#website"},"datePublished":"2019-01-24T22:13:16+00:00","dateModified":"2020-12-01T21:16:05+00:00","description":"Sme t\u00edm digit\u00e1lnych market\u00e9rov ktor\u00ed naboostuj\u00fa V\u00e1\u0161 biznis do inej galaxii. \u0160pecializujeme sa na e-Commerce, performance marketing, anal\u00fdzu d\u00e1t a\u00a0SEO.","breadcrumb":{"@id":"https:\/\/boostnito.sk\/#breadcrumb"},"inLanguage":"en-US","potentialAction":[{"@type":"ReadAction","target":["https:\/\/boostnito.sk\/"]}]},{"@type":"BreadcrumbList","@id":"https:\/\/boostnito.sk\/#breadcrumb","itemListElement":[{"@type":"ListItem","position":1,"name":"Home","item":"https:\/\/boostnito.sk\/"},{"@type":"ListItem","position":2,"name":"Welcome"}]},{"@type":"WebSite","@id":"https:\/\/boostnito.sk\/#website","url":"https:\/\/boostnito.sk\/","name":"boostnito.sk","description":"Boostni svoj biznis na maximum","potentialAction":[{"@type":"SearchAction","target":{"@type":"EntryPoint","urlTemplate":"https:\/\/boostnito.sk\/?s={search_term_string}"},"query-input":"required name=search_term_string"}],"inLanguage":"en-US"}]}},"_links":{"self":[{"href":"https:\/\/boostnito.sk\/index.php?rest_route=\/wp\/v2\/pages\/129"}],"collection":[{"href":"https:\/\/boostnito.sk\/index.php?rest_route=\/wp\/v2\/pages"}],"about":[{"href":"https:\/\/boostnito.sk\/index.php?rest_route=\/wp\/v2\/types\/page"}],"author":[{"embeddable":true,"href":"https:\/\/boostnito.sk\/index.php?rest_route=\/wp\/v2\/users\/1"}],"replies":[{"embeddable":true,"href":"https:\/\/boostnito.sk\/index.php?rest_route=%2Fwp%2Fv2%2Fcomments&post=129"}],"version-history":[{"count":6,"href":"https:\/\/boostnito.sk\/index.php?rest_route=\/wp\/v2\/pages\/129\/revisions"}],"predecessor-version":[{"id":1182,"href":"https:\/\/boostnito.sk\/index.php?rest_route=\/wp\/v2\/pages\/129\/revisions\/1182"}],"wp:attachment":[{"href":"https:\/\/boostnito.sk\/index.php?rest_route=%2Fwp%2Fv2%2Fmedia&parent=129"}],"curies":[{"name":"wp","href":"https:\/\/api.w.org\/{rel}","templated":true}]}}